{"id":36,"date":"2024-07-05T19:25:38","date_gmt":"2024-07-05T17:25:38","guid":{"rendered":"https:\/\/salon-campingcar-rochefort.fr\/?page_id=36"},"modified":"2026-04-22T15:19:29","modified_gmt":"2026-04-22T13:19:29","slug":"infos-pratiques","status":"publish","type":"page","link":"https:\/\/salon-campingcar-rochelais.fr\/index.php\/infos-pratiques\/","title":{"rendered":"Infos pratiques"},"content":{"rendered":"<div class=\"wpb-content-wrapper\"><p>[vc_row css=\u00a0\u00bb.vc_custom_1704973653910{margin-top: 0px !important;margin-bottom: 0px !important;padding-top: 0px !important;padding-bottom: 0px !important;}\u00a0\u00bb][vc_column width=\u00a0\u00bb1\/2&Prime; css=\u00a0\u00bb.vc_custom_1704973630703{margin-top: 0px !important;margin-bottom: 0px !important;padding-top: 0px !important;padding-bottom: 0px !important;}\u00a0\u00bb][vc_single_image image=\u00a0\u00bb581&Prime; img_size=\u00a0\u00bbfull\u00a0\u00bb css=\u00a0\u00bb.vc_custom_1776161578522{margin-top: 0px !important;margin-bottom: 0px !important;padding-top: 0px !important;padding-bottom: 0px !important;}\u00a0\u00bb][\/vc_column][vc_column width=\u00a0\u00bb1\/2&Prime; css=\u00a0\u00bb.vc_custom_1704973552906{margin-top: 0px !important;padding-top: 0px !important;}\u00a0\u00bb][vc_empty_space height=\u00a0\u00bb10px\u00a0\u00bb][vc_custom_heading text=\u00a0\u00bbToutes les infos pratiques\u00a0\u00bb font_container=\u00a0\u00bbtag:h2|font_size:35PX|text_align:left|color:%23fbb505|line_height:1&Prime; google_fonts=\u00a0\u00bbfont_family:Roboto%3A100%2C100italic%2C300%2C300italic%2Cregular%2Citalic%2C500%2C500italic%2C700%2C700italic%2C900%2C900italic|font_style:500%20bold%20regular%3A500%3Anormal\u00a0\u00bb css=\u00a0\u00bb\u00a0\u00bb][vc_empty_space height=\u00a0\u00bb10px\u00a0\u00bb][vc_custom_heading text=\u00a0\u00bb\u00a0\u00bb font_container=\u00a0\u00bbtag:h2|font_size:35PX|text_align:left|color:%23fbb505|line_height:1&Prime; google_fonts=\u00a0\u00bbfont_family:Roboto%3A100%2C100italic%2C300%2C300italic%2Cregular%2Citalic%2C500%2C500italic%2C700%2C700italic%2C900%2C900italic|font_style:500%20bold%20regular%3A500%3Anormal\u00a0\u00bb css=\u00a0\u00bb\u00a0\u00bb][vc_custom_heading text=\u00a0\u00bb\u00a0\u00bb font_container=\u00a0\u00bbtag:h2|font_size:35PX|text_align:left|color:%23fbb505|line_height:1&Prime; google_fonts=\u00a0\u00bbfont_family:Roboto%3A100%2C100italic%2C300%2C300italic%2Cregular%2Citalic%2C500%2C500italic%2C700%2C700italic%2C900%2C900italic|font_style:500%20bold%20regular%3A500%3Anormal\u00a0\u00bb css=\u00a0\u00bb\u00a0\u00bb][vc_column_text css_animation=\u00a0\u00bbfadeIn\u00a0\u00bb css=\u00a0\u00bb.vc_custom_1773045899377{margin-top: 0px !important;padding-top: 0px !important;}\u00a0\u00bb]<\/p>\n<ul>\n<li>Ouvert <strong>du vendredi 24 au lundi 27 avril 2026<\/strong><\/li>\n<li><strong>OUVERT DIMANCHE<br \/>\n<\/strong><\/li>\n<li>De 10 heures \u00e0 19 heures\u00a0<strong>non-stop<\/strong>.<\/li>\n<li>3 concessionnaires de la Charente Maritime sont pr\u00e9sents.<\/li>\n<li><strong>Parking voiture de 9h \u00e0 19h.<\/strong><\/li>\n<li><b>1 food truck <\/b>le midi pour se restaurer sur place.<\/li>\n<li><strong>Entr\u00e9e gratuite sur invitation<\/strong>\u00a0\u00e0 t\u00e9l\u00e9charger sur le site du salon.<\/li>\n<li>Nos amis les chiens sont les bienvenus.<\/li>\n<\/ul>\n<p>[\/vc_column_text][vc_column_text css=\u00a0\u00bb\u00a0\u00bb]Pour votre commodit\u00e9, nous offrons un parking gratuit sur le site du salon. De plus, les visiteurs ont la possibilit\u00e9 de stationner pour la nuit \u00e0 l&rsquo;aire de camping-car\u00a0 du stade Rochelais \u00e0 5 mn \u00e0 pieds[\/vc_column_text][vc_column_text css=\u00a0\u00bb\u00a0\u00bb][\/vc_column_text][\/vc_column][\/vc_row][vc_row gap=\u00a0\u00bb20&Prime; el_class=\u00a0\u00bbcontact\u00a0\u00bb css=\u00a0\u00bb.vc_custom_1563460142494{padding-top: 20px !important;}\u00a0\u00bb][vc_column width=\u00a0\u00bb1\/4&Prime; css=\u00a0\u00bb.vc_custom_1688391784461{margin-top: 0px !important;margin-right: 0px !important;margin-left: 0px !important;border-top-width: 1px !important;border-right-width: 1px !important;border-bottom-width: 1px !important;border-left-width: 1px !important;padding-top: 0px !important;padding-right: 10px !important;padding-left: 10px !important;border-left-color: #e5e5e5 !important;border-left-style: none !important;border-right-color: #e5e5e5 !important;border-right-style: none !important;border-top-color: #e5e5e5 !important;border-top-style: none !important;border-bottom-color: #e5e5e5 !important;border-bottom-style: none !important;}\u00a0\u00bb][vc_icon icon_fontawesome=\u00a0\u00bbfas fa-car\u00a0\u00bb color=\u00a0\u00bbcustom\u00a0\u00bb background_style=\u00a0\u00bbrounded\u00a0\u00bb background_color=\u00a0\u00bbcustom\u00a0\u00bb align=\u00a0\u00bbcenter\u00a0\u00bb css_animation=\u00a0\u00bbbounceInLeft\u00a0\u00bb css=\u00a0\u00bb.vc_custom_1776238898137{margin-top: 0px !important;padding-top: 20px !important;}\u00a0\u00bb custom_color=\u00a0\u00bb#fefefe\u00a0\u00bb custom_background_color=\u00a0\u00bb#fbb505&Prime; link=\u00a0\u00bburl:https%3A%2F%2Fsalon-campingcar-rochelais.fr%2Findex.php%2Fplan-dacces-contact%2F|title:Plan%20d%E2%80%99acc%C3%A8s%20%26%20contact\u00a0\u00bb][vc_column_text css=\u00a0\u00bb.vc_custom_1773043337981{padding-bottom: 20px !important;}\u00a0\u00bb]<\/p>\n<p style=\"text-align: center;\"><strong>Parking gratuit<\/strong><br \/>\nde 9h \u00e0 20h[\/vc_column_text][\/vc_column][vc_column width=\u00a0\u00bb1\/4&Prime; css=\u00a0\u00bb.vc_custom_1688391791512{margin-top: 0px !important;margin-right: 0px !important;margin-left: 0px !important;border-top-width: 1px !important;border-right-width: 1px !important;border-bottom-width: 1px !important;border-left-width: 1px !important;padding-top: 0px !important;border-left-color: #e5e5e5 !important;border-left-style: none !important;border-right-color: #e5e5e5 !important;border-right-style: none !important;border-top-color: #e5e5e5 !important;border-top-style: none !important;border-bottom-color: #e5e5e5 !important;border-bottom-style: none !important;}\u00a0\u00bb][vc_icon icon_fontawesome=\u00a0\u00bbfas fa-car\u00a0\u00bb color=\u00a0\u00bbcustom\u00a0\u00bb background_style=\u00a0\u00bbrounded\u00a0\u00bb background_color=\u00a0\u00bbcustom\u00a0\u00bb align=\u00a0\u00bbcenter\u00a0\u00bb css_animation=\u00a0\u00bbbounceInDown\u00a0\u00bb css=\u00a0\u00bb.vc_custom_1776238972002{margin-top: 0px !important;padding-top: 20px !important;}\u00a0\u00bb custom_color=\u00a0\u00bb#fefefe\u00a0\u00bb custom_background_color=\u00a0\u00bb#fbb505&Prime; link=\u00a0\u00bburl:https%3A%2F%2Fsalon-campingcar-rochelais.fr%2Findex.php%2Fplan-dacces-contact%2F|title:Plan%20d%E2%80%99acc%C3%A8s%20%26%20contact\u00a0\u00bb][vc_column_text css=\u00a0\u00bb\u00a0\u00bb]<\/p>\n<p style=\"text-align: center;\"><strong>\u00a0Parking VIP Stade Marcel Deflandre<\/strong><br \/>\nLa Rochelle[\/vc_column_text][\/vc_column][vc_column width=\u00a0\u00bb1\/4&Prime; css=\u00a0\u00bb.vc_custom_1688391800338{margin-top: 0px !important;margin-right: 5px !important;margin-left: 5px !important;border-top-width: 1px !important;border-right-width: 1px !important;border-bottom-width: 1px !important;border-left-width: 1px !important;padding-top: 0px !important;border-left-color: #e5e5e5 !important;border-left-style: none !important;border-right-color: #e5e5e5 !important;border-right-style: none !important;border-top-color: #e5e5e5 !important;border-top-style: none !important;border-bottom-color: #e5e5e5 !important;border-bottom-style: none !important;}\u00a0\u00bb][vc_icon icon_fontawesome=\u00a0\u00bbfas fa-history\u00a0\u00bb color=\u00a0\u00bbcustom\u00a0\u00bb background_style=\u00a0\u00bbrounded\u00a0\u00bb background_color=\u00a0\u00bbcustom\u00a0\u00bb align=\u00a0\u00bbcenter\u00a0\u00bb css_animation=\u00a0\u00bbbounceInUp\u00a0\u00bb css=\u00a0\u00bb.vc_custom_1776238929465{margin-top: 0px !important;padding-top: 20px !important;}\u00a0\u00bb custom_color=\u00a0\u00bb#fefefe\u00a0\u00bb custom_background_color=\u00a0\u00bb#fbb505&Prime;][vc_column_text css=\u00a0\u00bb\u00a0\u00bb]<\/p>\n<p style=\"text-align: center;\"><strong>\u00a0Du 24 au 27 avril 2026<\/strong><br \/>\nDe 10h \u00e0 19h non stop[\/vc_column_text][\/vc_column][vc_column width=\u00a0\u00bb1\/4&Prime; css=\u00a0\u00bb.vc_custom_1688391815448{margin-top: 0px !important;margin-right: 5px !important;margin-left: 5px !important;border-top-width: 1px !important;border-right-width: 1px !important;border-bottom-width: 1px !important;border-left-width: 1px !important;padding-top: 0px !important;border-left-color: #e5e5e5 !important;border-left-style: none !important;border-right-color: #e5e5e5 !important;border-right-style: none !important;border-top-color: #e5e5e5 !important;border-top-style: none !important;border-bottom-color: #e5e5e5 !important;border-bottom-style: none !important;}\u00a0\u00bb][vc_icon icon_fontawesome=\u00a0\u00bbfas fa-euro-sign\u00a0\u00bb color=\u00a0\u00bbcustom\u00a0\u00bb background_style=\u00a0\u00bbrounded\u00a0\u00bb background_color=\u00a0\u00bbcustom\u00a0\u00bb align=\u00a0\u00bbcenter\u00a0\u00bb css_animation=\u00a0\u00bbbounceInRight\u00a0\u00bb css=\u00a0\u00bb.vc_custom_1776238941832{margin-top: 0px !important;padding-top: 20px !important;}\u00a0\u00bb custom_color=\u00a0\u00bb#fefefe\u00a0\u00bb custom_background_color=\u00a0\u00bb#fbb505&Prime; link=\u00a0\u00bburl:https%3A%2F%2Fsalon-campingcar-rochelais.fr%2Findex.php%2Finvitation%2F|title:Invitation\u00a0\u00bb][vc_column_text css=\u00a0\u00bb\u00a0\u00bb]<\/p>\n<p style=\"text-align: center;\">Entr\u00e9e 3 \u20ac<br \/>\n<a href=\"https:\/\/salon-campingcar-rochelais.fr\/index.php\/invitation\/\"><strong>Gratuite sur pr\u00e9sentation de l\u2019invitation<\/strong><\/a>[\/vc_column_text][\/vc_column][\/vc_row]<\/p>\n<\/div>","protected":false},"excerpt":{"rendered":"<p>[vc_row css=\u00a0\u00bb.vc_custom_1704973653910{margin-top: 0px !important;margin-bottom: 0px !important;padding-top: 0px !important;padding-bottom: 0px !important;}\u00a0\u00bb][vc_column width=\u00a0\u00bb1\/2&Prime; css=\u00a0\u00bb.vc_custom_1704973630703{margin-top: 0px !important;margin-bottom: 0px !important;padding-top: 0px !important;padding-bottom: 0px !important;}\u00a0\u00bb][vc_single_image image=\u00a0\u00bb581&Prime; img_size=\u00a0\u00bbfull\u00a0\u00bb css=\u00a0\u00bb.vc_custom_1776161578522{margin-top: 0px !important;margin-bottom: 0px !important;padding-top: 0px !important;padding-bottom: 0px !important;}\u00a0\u00bb][\/vc_column][vc_column width=\u00a0\u00bb1\/2&Prime; css=\u00a0\u00bb.vc_custom_1704973552906{margin-top: 0px !important;padding-top: 0px !important;}\u00a0\u00bb][vc_empty_space height=\u00a0\u00bb10px\u00a0\u00bb][vc_custom_heading text=\u00a0\u00bbToutes les infos pratiques\u00a0\u00bb font_container=\u00a0\u00bbtag:h2|font_size:35PX|text_align:left|color:%23fbb505|line_height:1&Prime; google_fonts=\u00a0\u00bbfont_family:Roboto%3A100%2C100italic%2C300%2C300italic%2Cregular%2Citalic%2C500%2C500italic%2C700%2C700italic%2C900%2C900italic|font_style:500%20bold%20regular%3A500%3Anormal\u00a0\u00bb css=\u00a0\u00bb\u00a0\u00bb][vc_empty_space height=\u00a0\u00bb10px\u00a0\u00bb][vc_custom_heading text=\u00a0\u00bb\u00a0\u00bb font_container=\u00a0\u00bbtag:h2|font_size:35PX|text_align:left|color:%23fbb505|line_height:1&Prime; google_fonts=\u00a0\u00bbfont_family:Roboto%3A100%2C100italic%2C300%2C300italic%2Cregular%2Citalic%2C500%2C500italic%2C700%2C700italic%2C900%2C900italic|font_style:500%20bold%20regular%3A500%3Anormal\u00a0\u00bb css=\u00a0\u00bb\u00a0\u00bb][vc_custom_heading text=\u00a0\u00bb\u00a0\u00bb font_container=\u00a0\u00bbtag:h2|font_size:35PX|text_align:left|color:%23fbb505|line_height:1&Prime; google_fonts=\u00a0\u00bbfont_family:Roboto%3A100%2C100italic%2C300%2C300italic%2Cregular%2Citalic%2C500%2C500italic%2C700%2C700italic%2C900%2C900italic|font_style:500%20bold%20regular%3A500%3Anormal\u00a0\u00bb css=\u00a0\u00bb\u00a0\u00bb][vc_column_text css_animation=\u00a0\u00bbfadeIn\u00a0\u00bb css=\u00a0\u00bb.vc_custom_1773045899377{margin-top: 0px !important;padding-top: 0px !important;}\u00a0\u00bb] Ouvert du [&hellip;]<\/p>\n","protected":false},"author":1,"featured_media":0,"parent":0,"menu_order":0,"comment_status":"closed","ping_status":"closed","template":"","meta":{"footnotes":""},"class_list":["post-36","page","type-page","status-publish","hentry"],"yoast_head":"<!-- This site is optimized with the Yoast SEO plugin v24.8.1 - https:\/\/yoast.com\/wordpress\/plugins\/seo\/ -->\n<title>INFOS PRATIQUES | SALON CAMPING-CAR ROCHELAIS<\/title>\n<meta name=\"description\" content=\"Infos pratiques du Salon du camping-car \u00e0 Rochelais du 24 au 27 avril 2026. Concessionnaires pr\u00e9sents, stands, horaires d&#039;ouverture.\" \/>\n<meta name=\"robots\" content=\"index, follow, max-snippet:-1, max-image-preview:large, max-video-preview:-1\" \/>\n<link rel=\"canonical\" href=\"https:\/\/salon-campingcar-rochelais.fr\/index.php\/infos-pratiques\/\" \/>\n<meta property=\"og:locale\" content=\"fr_FR\" \/>\n<meta property=\"og:type\" content=\"article\" \/>\n<meta property=\"og:title\" content=\"INFOS PRATIQUES | SALON CAMPING-CAR ROCHELAIS\" \/>\n<meta property=\"og:description\" content=\"Infos pratiques du Salon du camping-car \u00e0 Rochelais du 24 au 27 avril 2026. Concessionnaires pr\u00e9sents, stands, horaires d&#039;ouverture.\" \/>\n<meta property=\"og:url\" content=\"https:\/\/salon-campingcar-rochelais.fr\/index.php\/infos-pratiques\/\" \/>\n<meta property=\"og:site_name\" content=\"Salon du camping-car de Rochelais\" \/>\n<meta property=\"article:publisher\" content=\"https:\/\/www.facebook.com\/profile.php?id=61561766056102\" \/>\n<meta property=\"article:modified_time\" content=\"2026-04-22T13:19:29+00:00\" \/>\n<meta name=\"twitter:card\" content=\"summary_large_image\" \/>\n<meta name=\"twitter:label1\" content=\"Dur\u00e9e de lecture estim\u00e9e\" \/>\n\t<meta name=\"twitter:data1\" content=\"3 minutes\" \/>\n<script type=\"application\/ld+json\" class=\"yoast-schema-graph\">{\"@context\":\"https:\/\/schema.org\",\"@graph\":[{\"@type\":\"WebPage\",\"@id\":\"https:\/\/salon-campingcar-rochelais.fr\/index.php\/infos-pratiques\/\",\"url\":\"https:\/\/salon-campingcar-rochelais.fr\/index.php\/infos-pratiques\/\",\"name\":\"INFOS PRATIQUES | SALON CAMPING-CAR ROCHELAIS\",\"isPartOf\":{\"@id\":\"https:\/\/salon-campingcar-rochelais.fr\/#website\"},\"datePublished\":\"2024-07-05T17:25:38+00:00\",\"dateModified\":\"2026-04-22T13:19:29+00:00\",\"description\":\"Infos pratiques du Salon du camping-car \u00e0 Rochelais du 24 au 27 avril 2026. Concessionnaires pr\u00e9sents, stands, horaires d'ouverture.\",\"breadcrumb\":{\"@id\":\"https:\/\/salon-campingcar-rochelais.fr\/index.php\/infos-pratiques\/#breadcrumb\"},\"inLanguage\":\"fr-FR\",\"potentialAction\":[{\"@type\":\"ReadAction\",\"target\":[\"https:\/\/salon-campingcar-rochelais.fr\/index.php\/infos-pratiques\/\"]}]},{\"@type\":\"BreadcrumbList\",\"@id\":\"https:\/\/salon-campingcar-rochelais.fr\/index.php\/infos-pratiques\/#breadcrumb\",\"itemListElement\":[{\"@type\":\"ListItem\",\"position\":1,\"name\":\"Accueil\",\"item\":\"https:\/\/salon-campingcar-rochelais.fr\/\"},{\"@type\":\"ListItem\",\"position\":2,\"name\":\"Infos pratiques\"}]},{\"@type\":\"WebSite\",\"@id\":\"https:\/\/salon-campingcar-rochelais.fr\/#website\",\"url\":\"https:\/\/salon-campingcar-rochelais.fr\/\",\"name\":\"Salon du camping-car de Rochefort\",\"description\":\"Salon du camping-car et du van de Charente Maritime\",\"publisher\":{\"@id\":\"https:\/\/salon-campingcar-rochelais.fr\/#organization\"},\"potentialAction\":[{\"@type\":\"SearchAction\",\"target\":{\"@type\":\"EntryPoint\",\"urlTemplate\":\"https:\/\/salon-campingcar-rochelais.fr\/?s={search_term_string}\"},\"query-input\":{\"@type\":\"PropertyValueSpecification\",\"valueRequired\":true,\"valueName\":\"search_term_string\"}}],\"inLanguage\":\"fr-FR\"},{\"@type\":\"Organization\",\"@id\":\"https:\/\/salon-campingcar-rochelais.fr\/#organization\",\"name\":\"Salon du camping-car de Rochefort\",\"url\":\"https:\/\/salon-campingcar-rochelais.fr\/\",\"logo\":{\"@type\":\"ImageObject\",\"inLanguage\":\"fr-FR\",\"@id\":\"https:\/\/salon-campingcar-rochelais.fr\/#\/schema\/logo\/image\/\",\"url\":\"https:\/\/salon-campingcar-rochefort.fr\/wp-content\/uploads\/2024\/07\/logo-expo-CC-rochefort6.png\",\"contentUrl\":\"https:\/\/salon-campingcar-rochefort.fr\/wp-content\/uploads\/2024\/07\/logo-expo-CC-rochefort6.png\",\"width\":502,\"height\":289,\"caption\":\"Salon du camping-car de Rochefort\"},\"image\":{\"@id\":\"https:\/\/salon-campingcar-rochelais.fr\/#\/schema\/logo\/image\/\"},\"sameAs\":[\"https:\/\/www.facebook.com\/profile.php?id=61561766056102\",\"https:\/\/www.instagram.com\/salon_vdl_rochefort\"]}]}<\/script>\n<!-- \/ Yoast SEO plugin. -->","yoast_head_json":{"title":"INFOS PRATIQUES | SALON CAMPING-CAR ROCHELAIS","description":"Infos pratiques du Salon du camping-car \u00e0 Rochelais du 24 au 27 avril 2026. Concessionnaires pr\u00e9sents, stands, horaires d'ouverture.","robots":{"index":"index","follow":"follow","max-snippet":"max-snippet:-1","max-image-preview":"max-image-preview:large","max-video-preview":"max-video-preview:-1"},"canonical":"https:\/\/salon-campingcar-rochelais.fr\/index.php\/infos-pratiques\/","og_locale":"fr_FR","og_type":"article","og_title":"INFOS PRATIQUES | SALON CAMPING-CAR ROCHELAIS","og_description":"Infos pratiques du Salon du camping-car \u00e0 Rochelais du 24 au 27 avril 2026. Concessionnaires pr\u00e9sents, stands, horaires d'ouverture.","og_url":"https:\/\/salon-campingcar-rochelais.fr\/index.php\/infos-pratiques\/","og_site_name":"Salon du camping-car de Rochelais","article_publisher":"https:\/\/www.facebook.com\/profile.php?id=61561766056102","article_modified_time":"2026-04-22T13:19:29+00:00","twitter_card":"summary_large_image","twitter_misc":{"Dur\u00e9e de lecture estim\u00e9e":"3 minutes"},"schema":{"@context":"https:\/\/schema.org","@graph":[{"@type":"WebPage","@id":"https:\/\/salon-campingcar-rochelais.fr\/index.php\/infos-pratiques\/","url":"https:\/\/salon-campingcar-rochelais.fr\/index.php\/infos-pratiques\/","name":"INFOS PRATIQUES | SALON CAMPING-CAR ROCHELAIS","isPartOf":{"@id":"https:\/\/salon-campingcar-rochelais.fr\/#website"},"datePublished":"2024-07-05T17:25:38+00:00","dateModified":"2026-04-22T13:19:29+00:00","description":"Infos pratiques du Salon du camping-car \u00e0 Rochelais du 24 au 27 avril 2026. Concessionnaires pr\u00e9sents, stands, horaires d'ouverture.","breadcrumb":{"@id":"https:\/\/salon-campingcar-rochelais.fr\/index.php\/infos-pratiques\/#breadcrumb"},"inLanguage":"fr-FR","potentialAction":[{"@type":"ReadAction","target":["https:\/\/salon-campingcar-rochelais.fr\/index.php\/infos-pratiques\/"]}]},{"@type":"BreadcrumbList","@id":"https:\/\/salon-campingcar-rochelais.fr\/index.php\/infos-pratiques\/#breadcrumb","itemListElement":[{"@type":"ListItem","position":1,"name":"Accueil","item":"https:\/\/salon-campingcar-rochelais.fr\/"},{"@type":"ListItem","position":2,"name":"Infos pratiques"}]},{"@type":"WebSite","@id":"https:\/\/salon-campingcar-rochelais.fr\/#website","url":"https:\/\/salon-campingcar-rochelais.fr\/","name":"Salon du camping-car de Rochefort","description":"Salon du camping-car et du van de Charente Maritime","publisher":{"@id":"https:\/\/salon-campingcar-rochelais.fr\/#organization"},"potentialAction":[{"@type":"SearchAction","target":{"@type":"EntryPoint","urlTemplate":"https:\/\/salon-campingcar-rochelais.fr\/?s={search_term_string}"},"query-input":{"@type":"PropertyValueSpecification","valueRequired":true,"valueName":"search_term_string"}}],"inLanguage":"fr-FR"},{"@type":"Organization","@id":"https:\/\/salon-campingcar-rochelais.fr\/#organization","name":"Salon du camping-car de Rochefort","url":"https:\/\/salon-campingcar-rochelais.fr\/","logo":{"@type":"ImageObject","inLanguage":"fr-FR","@id":"https:\/\/salon-campingcar-rochelais.fr\/#\/schema\/logo\/image\/","url":"https:\/\/salon-campingcar-rochefort.fr\/wp-content\/uploads\/2024\/07\/logo-expo-CC-rochefort6.png","contentUrl":"https:\/\/salon-campingcar-rochefort.fr\/wp-content\/uploads\/2024\/07\/logo-expo-CC-rochefort6.png","width":502,"height":289,"caption":"Salon du camping-car de Rochefort"},"image":{"@id":"https:\/\/salon-campingcar-rochelais.fr\/#\/schema\/logo\/image\/"},"sameAs":["https:\/\/www.facebook.com\/profile.php?id=61561766056102","https:\/\/www.instagram.com\/salon_vdl_rochefort"]}]}},"_links":{"self":[{"href":"https:\/\/salon-campingcar-rochelais.fr\/index.php\/wp-json\/wp\/v2\/pages\/36","targetHints":{"allow":["GET"]}}],"collection":[{"href":"https:\/\/salon-campingcar-rochelais.fr\/index.php\/wp-json\/wp\/v2\/pages"}],"about":[{"href":"https:\/\/salon-campingcar-rochelais.fr\/index.php\/wp-json\/wp\/v2\/types\/page"}],"author":[{"embeddable":true,"href":"https:\/\/salon-campingcar-rochelais.fr\/index.php\/wp-json\/wp\/v2\/users\/1"}],"replies":[{"embeddable":true,"href":"https:\/\/salon-campingcar-rochelais.fr\/index.php\/wp-json\/wp\/v2\/comments?post=36"}],"version-history":[{"count":50,"href":"https:\/\/salon-campingcar-rochelais.fr\/index.php\/wp-json\/wp\/v2\/pages\/36\/revisions"}],"predecessor-version":[{"id":599,"href":"https:\/\/salon-campingcar-rochelais.fr\/index.php\/wp-json\/wp\/v2\/pages\/36\/revisions\/599"}],"wp:attachment":[{"href":"https:\/\/salon-campingcar-rochelais.fr\/index.php\/wp-json\/wp\/v2\/media?parent=36"}],"curies":[{"name":"wp","href":"https:\/\/api.w.org\/{rel}","templated":true}]}}