{"id":3,"date":"2024-07-03T14:37:25","date_gmt":"2024-07-03T12:37:25","guid":{"rendered":"http:\/\/salon-campingcar-rochefort.fr\/?page_id=3"},"modified":"2026-04-14T13:56:31","modified_gmt":"2026-04-14T11:56:31","slug":"mentions-legales","status":"publish","type":"page","link":"https:\/\/salon-campingcar-rochelais.fr\/index.php\/mentions-legales\/","title":{"rendered":"mentions-l\u00e9gales"},"content":{"rendered":"<p>Propri\u00e9taire \/ Editeur : Monsieur Pascal JOUSSEMET\u00a0 \/ Association Salon Camping-car Rochelais en cours de cr\u00e9ation<\/p>\n<p><strong>Raison sociale\u00a0<\/strong>:<\/p>\n<p><strong>Adresse<\/strong>\u00a0:\u00a0<a class=\"ui-a-alt\" href=\"https:\/\/www.societe.com\/entreprises\/AVENUE%20DE%20BEL%20AIR\/17310_SAINT%20PIERRE%20D%20OLERON.html\">89 AVENUE DE BEL AIR, 17310 SAINT-PIERRE-D\u2019OLERON<\/a><\/p>\n<p><strong>Siret<\/strong> : en cours d&rsquo;immatriculation<\/p>\n<p><strong>H\u00e9bergement<\/strong><\/p>\n<p>Ce site est h\u00e9berg\u00e9 sur les serveurs de la soci\u00e9t\u00e9 OVH.<\/p>\n<p><a href=\"https:\/\/www.societe.com\/entreprises\/2_rue%20kellermann\/59100_ROUBAIX.html\">2 RUE KELLERMANN 59100 ROUBAIX<\/a><\/p>\n<p>R\u00e9alisation graphique et technique<\/p>\n<p><strong>Agence quinZen<\/strong><br \/>\n25 rue Auguste Limouzy \u2013 11100 Narbonne.<\/p>\n<p>E-mail\u00a0: contact@quinzen.fr<\/p>\n<p><strong>Contenu<\/strong><\/p>\n<p>Toute reproduction, modification, publication de tout ou partie des \u00e9l\u00e9ments du site, quel que soit le moyen ou le proc\u00e9d\u00e9 utilis\u00e9, est interdite, conform\u00e9ment aux dispositions des articles L.335-2 du Code de Propri\u00e9t\u00e9 Intellectuelle, sauf autorisation \u00e9crite pr\u00e9alable du propri\u00e9taire du site.<\/p>\n<p><strong>Donn\u00e9es personnelles<\/strong><\/p>\n<p>Aucune information personnelle n\u2019est collect\u00e9e \u00e0 votre insu et\/ou c\u00e9d\u00e9e \u00e0 des tiers.<\/p>\n<p>Conform\u00e9ment \u00e0 la Loi informatique et libert\u00e9s, vous disposez d\u2019un droit d\u2019acc\u00e8s, de rectification et d\u2019opposition aux donn\u00e9es vous concernant. A ces fins vous pouvez contacter le Webmaster du site\u00a0: contact@quinzen.fr<\/p>\n<p><strong>Cookies et Statistiques<\/strong><\/p>\n<p>Nous utilisons des cookies pour am\u00e9liorer l\u2019exp\u00e9rience utilisateur et analyser le trafic sur notre site web. Ces raisons pourront nous amener \u00e0 partager des donn\u00e9es concernant votre utilisation du site avec nos soci\u00e9t\u00e9s d\u2019analyses.<\/p>\n<p>Lorsque vous vous connectez, nous trouvons \u00e9galement plusieurs cookies pour enregistrer de nombreuses informations de connexion et vos choix d\u2019affichage \u00e0 l\u2019\u00e9cran. Les cookies de connexion durent deux jours et les cookies d\u2019options d\u2019\u00e9cran durent un an.<\/p>\n<p>&nbsp;<\/p>\n<p><strong>Formulaires en ligne<\/strong><\/p>\n<p>La plupart des informations fournies dans le formulaire en ligne sont obligatoires.<\/p>\n<p>Elles font l\u2019objet d\u2019un traitement informatis\u00e9 par le gestionnaire du site et sont destin\u00e9es :<\/p>\n<ul>\n<li><strong>A l\u2019activit\u00e9 du propri\u00e9taire\/\u00e9diteur<\/strong><\/li>\n<li><strong>Au public souhaitant s\u2019informer de l\u2019existence d\u2019un fichier dans les conditions pr\u00e9vues \u00e0 l\u2019article 31 de la loi du 6 janvier 1978 modifi\u00e9e.<\/strong><\/li>\n<\/ul>\n<p>Vous pouvez exercer votre droit d\u2019acc\u00e8s et de rectification aux informations vous concernant en \u00e9crivant \u00e0 l\u2019adresse suivante\u00a0: quinZen \u2013 Service donn\u00e9es \u2013 25 rue Auguste Limouzy \u2013 11100 Narbonne<\/p>\n<h2 class=\"wp-block-heading\">Transmission de vos donn\u00e9es personnelles<\/h2>\n<p><strong class=\"privacy-policy-tutorial\">\u00a0<\/strong>Les commentaires des visiteurs peuvent \u00eatre v\u00e9rifi\u00e9s \u00e0 l\u2019aide d\u2019un service automatis\u00e9 de d\u00e9tection des commentaires ind\u00e9sirables.<\/p>\n","protected":false},"excerpt":{"rendered":"<p>Propri\u00e9taire \/ Editeur : Monsieur Pascal JOUSSEMET\u00a0 \/ Association Salon Camping-car Rochelais en cours de cr\u00e9ation Raison sociale\u00a0: Adresse\u00a0:\u00a089 AVENUE DE BEL AIR, 17310 SAINT-PIERRE-D\u2019OLERON Siret : en cours d&rsquo;immatriculation H\u00e9bergement Ce site est h\u00e9berg\u00e9 sur les serveurs de la soci\u00e9t\u00e9 OVH. 2 RUE KELLERMANN 59100 ROUBAIX R\u00e9alisation graphique et technique Agence quinZen 25 rue Auguste Limouzy \u2013 11100 Narbonne. E-mail\u00a0: contact@quinzen.fr [&hellip;]<\/p>\n","protected":false},"author":1,"featured_media":0,"parent":0,"menu_order":0,"comment_status":"closed","ping_status":"open","template":"","meta":{"footnotes":""},"class_list":["post-3","page","type-page","status-publish","hentry"],"yoast_head":"<!-- This site is optimized with the Yoast SEO plugin v24.8.1 - https:\/\/yoast.com\/wordpress\/plugins\/seo\/ -->\n<title>MENTIONS LEGALES | SALON CAMPING-CAR ROCHEFLAIS<\/title>\n<meta name=\"description\" content=\"Mentions l\u00e9gales, RGPD et politique de confidentialit\u00e9 pour le salon du camping-car Rochelais. Toutes les infos l\u00e9gales.\" \/>\n<meta name=\"robots\" content=\"index, follow, max-snippet:-1, max-image-preview:large, max-video-preview:-1\" \/>\n<link rel=\"canonical\" href=\"https:\/\/salon-campingcar-rochelais.fr\/index.php\/mentions-legales\/\" \/>\n<meta property=\"og:locale\" content=\"fr_FR\" \/>\n<meta property=\"og:type\" content=\"article\" \/>\n<meta property=\"og:title\" content=\"MENTIONS LEGALES | SALON CAMPING-CAR ROCHEFLAIS\" \/>\n<meta property=\"og:description\" content=\"Mentions l\u00e9gales, RGPD et politique de confidentialit\u00e9 pour le salon du camping-car Rochelais. Toutes les infos l\u00e9gales.\" \/>\n<meta property=\"og:url\" content=\"https:\/\/salon-campingcar-rochelais.fr\/index.php\/mentions-legales\/\" \/>\n<meta property=\"og:site_name\" content=\"Salon du camping-car de Rochelais\" \/>\n<meta property=\"article:publisher\" content=\"https:\/\/www.facebook.com\/profile.php?id=61561766056102\" \/>\n<meta property=\"article:modified_time\" content=\"2026-04-14T11:56:31+00:00\" \/>\n<meta name=\"twitter:card\" content=\"summary_large_image\" \/>\n<meta name=\"twitter:label1\" content=\"Dur\u00e9e de lecture estim\u00e9e\" \/>\n\t<meta name=\"twitter:data1\" content=\"2 minutes\" \/>\n<script type=\"application\/ld+json\" class=\"yoast-schema-graph\">{\"@context\":\"https:\/\/schema.org\",\"@graph\":[{\"@type\":\"WebPage\",\"@id\":\"https:\/\/salon-campingcar-rochelais.fr\/index.php\/mentions-legales\/\",\"url\":\"https:\/\/salon-campingcar-rochelais.fr\/index.php\/mentions-legales\/\",\"name\":\"MENTIONS LEGALES | SALON CAMPING-CAR ROCHEFLAIS\",\"isPartOf\":{\"@id\":\"https:\/\/salon-campingcar-rochelais.fr\/#website\"},\"datePublished\":\"2024-07-03T12:37:25+00:00\",\"dateModified\":\"2026-04-14T11:56:31+00:00\",\"description\":\"Mentions l\u00e9gales, RGPD et politique de confidentialit\u00e9 pour le salon du camping-car Rochelais. Toutes les infos l\u00e9gales.\",\"breadcrumb\":{\"@id\":\"https:\/\/salon-campingcar-rochelais.fr\/index.php\/mentions-legales\/#breadcrumb\"},\"inLanguage\":\"fr-FR\",\"potentialAction\":[{\"@type\":\"ReadAction\",\"target\":[\"https:\/\/salon-campingcar-rochelais.fr\/index.php\/mentions-legales\/\"]}]},{\"@type\":\"BreadcrumbList\",\"@id\":\"https:\/\/salon-campingcar-rochelais.fr\/index.php\/mentions-legales\/#breadcrumb\",\"itemListElement\":[{\"@type\":\"ListItem\",\"position\":1,\"name\":\"Accueil\",\"item\":\"https:\/\/salon-campingcar-rochelais.fr\/\"},{\"@type\":\"ListItem\",\"position\":2,\"name\":\"mentions-l\u00e9gales\"}]},{\"@type\":\"WebSite\",\"@id\":\"https:\/\/salon-campingcar-rochelais.fr\/#website\",\"url\":\"https:\/\/salon-campingcar-rochelais.fr\/\",\"name\":\"Salon du camping-car de Rochefort\",\"description\":\"Salon du camping-car et du van de Charente Maritime\",\"publisher\":{\"@id\":\"https:\/\/salon-campingcar-rochelais.fr\/#organization\"},\"potentialAction\":[{\"@type\":\"SearchAction\",\"target\":{\"@type\":\"EntryPoint\",\"urlTemplate\":\"https:\/\/salon-campingcar-rochelais.fr\/?s={search_term_string}\"},\"query-input\":{\"@type\":\"PropertyValueSpecification\",\"valueRequired\":true,\"valueName\":\"search_term_string\"}}],\"inLanguage\":\"fr-FR\"},{\"@type\":\"Organization\",\"@id\":\"https:\/\/salon-campingcar-rochelais.fr\/#organization\",\"name\":\"Salon du camping-car de Rochefort\",\"url\":\"https:\/\/salon-campingcar-rochelais.fr\/\",\"logo\":{\"@type\":\"ImageObject\",\"inLanguage\":\"fr-FR\",\"@id\":\"https:\/\/salon-campingcar-rochelais.fr\/#\/schema\/logo\/image\/\",\"url\":\"https:\/\/salon-campingcar-rochefort.fr\/wp-content\/uploads\/2024\/07\/logo-expo-CC-rochefort6.png\",\"contentUrl\":\"https:\/\/salon-campingcar-rochefort.fr\/wp-content\/uploads\/2024\/07\/logo-expo-CC-rochefort6.png\",\"width\":502,\"height\":289,\"caption\":\"Salon du camping-car de Rochefort\"},\"image\":{\"@id\":\"https:\/\/salon-campingcar-rochelais.fr\/#\/schema\/logo\/image\/\"},\"sameAs\":[\"https:\/\/www.facebook.com\/profile.php?id=61561766056102\",\"https:\/\/www.instagram.com\/salon_vdl_rochefort\"]}]}<\/script>\n<!-- \/ Yoast SEO plugin. -->","yoast_head_json":{"title":"MENTIONS LEGALES | SALON CAMPING-CAR ROCHEFLAIS","description":"Mentions l\u00e9gales, RGPD et politique de confidentialit\u00e9 pour le salon du camping-car Rochelais. Toutes les infos l\u00e9gales.","robots":{"index":"index","follow":"follow","max-snippet":"max-snippet:-1","max-image-preview":"max-image-preview:large","max-video-preview":"max-video-preview:-1"},"canonical":"https:\/\/salon-campingcar-rochelais.fr\/index.php\/mentions-legales\/","og_locale":"fr_FR","og_type":"article","og_title":"MENTIONS LEGALES | SALON CAMPING-CAR ROCHEFLAIS","og_description":"Mentions l\u00e9gales, RGPD et politique de confidentialit\u00e9 pour le salon du camping-car Rochelais. Toutes les infos l\u00e9gales.","og_url":"https:\/\/salon-campingcar-rochelais.fr\/index.php\/mentions-legales\/","og_site_name":"Salon du camping-car de Rochelais","article_publisher":"https:\/\/www.facebook.com\/profile.php?id=61561766056102","article_modified_time":"2026-04-14T11:56:31+00:00","twitter_card":"summary_large_image","twitter_misc":{"Dur\u00e9e de lecture estim\u00e9e":"2 minutes"},"schema":{"@context":"https:\/\/schema.org","@graph":[{"@type":"WebPage","@id":"https:\/\/salon-campingcar-rochelais.fr\/index.php\/mentions-legales\/","url":"https:\/\/salon-campingcar-rochelais.fr\/index.php\/mentions-legales\/","name":"MENTIONS LEGALES | SALON CAMPING-CAR ROCHEFLAIS","isPartOf":{"@id":"https:\/\/salon-campingcar-rochelais.fr\/#website"},"datePublished":"2024-07-03T12:37:25+00:00","dateModified":"2026-04-14T11:56:31+00:00","description":"Mentions l\u00e9gales, RGPD et politique de confidentialit\u00e9 pour le salon du camping-car Rochelais. Toutes les infos l\u00e9gales.","breadcrumb":{"@id":"https:\/\/salon-campingcar-rochelais.fr\/index.php\/mentions-legales\/#breadcrumb"},"inLanguage":"fr-FR","potentialAction":[{"@type":"ReadAction","target":["https:\/\/salon-campingcar-rochelais.fr\/index.php\/mentions-legales\/"]}]},{"@type":"BreadcrumbList","@id":"https:\/\/salon-campingcar-rochelais.fr\/index.php\/mentions-legales\/#breadcrumb","itemListElement":[{"@type":"ListItem","position":1,"name":"Accueil","item":"https:\/\/salon-campingcar-rochelais.fr\/"},{"@type":"ListItem","position":2,"name":"mentions-l\u00e9gales"}]},{"@type":"WebSite","@id":"https:\/\/salon-campingcar-rochelais.fr\/#website","url":"https:\/\/salon-campingcar-rochelais.fr\/","name":"Salon du camping-car de Rochefort","description":"Salon du camping-car et du van de Charente Maritime","publisher":{"@id":"https:\/\/salon-campingcar-rochelais.fr\/#organization"},"potentialAction":[{"@type":"SearchAction","target":{"@type":"EntryPoint","urlTemplate":"https:\/\/salon-campingcar-rochelais.fr\/?s={search_term_string}"},"query-input":{"@type":"PropertyValueSpecification","valueRequired":true,"valueName":"search_term_string"}}],"inLanguage":"fr-FR"},{"@type":"Organization","@id":"https:\/\/salon-campingcar-rochelais.fr\/#organization","name":"Salon du camping-car de Rochefort","url":"https:\/\/salon-campingcar-rochelais.fr\/","logo":{"@type":"ImageObject","inLanguage":"fr-FR","@id":"https:\/\/salon-campingcar-rochelais.fr\/#\/schema\/logo\/image\/","url":"https:\/\/salon-campingcar-rochefort.fr\/wp-content\/uploads\/2024\/07\/logo-expo-CC-rochefort6.png","contentUrl":"https:\/\/salon-campingcar-rochefort.fr\/wp-content\/uploads\/2024\/07\/logo-expo-CC-rochefort6.png","width":502,"height":289,"caption":"Salon du camping-car de Rochefort"},"image":{"@id":"https:\/\/salon-campingcar-rochelais.fr\/#\/schema\/logo\/image\/"},"sameAs":["https:\/\/www.facebook.com\/profile.php?id=61561766056102","https:\/\/www.instagram.com\/salon_vdl_rochefort"]}]}},"_links":{"self":[{"href":"https:\/\/salon-campingcar-rochelais.fr\/index.php\/wp-json\/wp\/v2\/pages\/3","targetHints":{"allow":["GET"]}}],"collection":[{"href":"https:\/\/salon-campingcar-rochelais.fr\/index.php\/wp-json\/wp\/v2\/pages"}],"about":[{"href":"https:\/\/salon-campingcar-rochelais.fr\/index.php\/wp-json\/wp\/v2\/types\/page"}],"author":[{"embeddable":true,"href":"https:\/\/salon-campingcar-rochelais.fr\/index.php\/wp-json\/wp\/v2\/users\/1"}],"replies":[{"embeddable":true,"href":"https:\/\/salon-campingcar-rochelais.fr\/index.php\/wp-json\/wp\/v2\/comments?post=3"}],"version-history":[{"count":7,"href":"https:\/\/salon-campingcar-rochelais.fr\/index.php\/wp-json\/wp\/v2\/pages\/3\/revisions"}],"predecessor-version":[{"id":585,"href":"https:\/\/salon-campingcar-rochelais.fr\/index.php\/wp-json\/wp\/v2\/pages\/3\/revisions\/585"}],"wp:attachment":[{"href":"https:\/\/salon-campingcar-rochelais.fr\/index.php\/wp-json\/wp\/v2\/media?parent=3"}],"curies":[{"name":"wp","href":"https:\/\/api.w.org\/{rel}","templated":true}]}}

mentions-légales

<p>Propriétaire / Editeur : Monsieur Pascal JOUSSEMET  / Association Salon Camping-car Rochelais en cours de création</p>
<p><strong>Raison sociale </strong>:</p>
<p><strong>Adresse</strong> : <a class="ui-a-alt" href="https://www.societe.com/entreprises/AVENUE%20DE%20BEL%20AIR/17310_SAINT%20PIERRE%20D%20OLERON.html">89 AVENUE DE BEL AIR, 17310 SAINT-PIERRE-D’OLERON</a></p>
<p><strong>Siret</strong> : en cours d&rsquo;immatriculation</p>
<p><strong>Hébergement</strong></p>
<p>Ce site est hébergé sur les serveurs de la société OVH.</p>
<p><a href="https://www.societe.com/entreprises/2_rue%20kellermann/59100_ROUBAIX.html">2 RUE KELLERMANN 59100 ROUBAIX</a></p>
<p>Réalisation graphique et technique</p>
<p><strong>Agence quinZen</strong><br />
25 rue Auguste Limouzy – 11100 Narbonne.</p>
<p>E-mail : contact@quinzen.fr</p>
<p><strong>Contenu</strong></p>
<p>Toute reproduction, modification, publication de tout ou partie des éléments du site, quel que soit le moyen ou le procédé utilisé, est interdite, conformément aux dispositions des articles L.335-2 du Code de Propriété Intellectuelle, sauf autorisation écrite préalable du propriétaire du site.</p>
<p><strong>Données personnelles</strong></p>
<p>Aucune information personnelle n’est collectée à votre insu et/ou cédée à des tiers.</p>
<p>Conformément à la Loi informatique et libertés, vous disposez d’un droit d’accès, de rectification et d’opposition aux données vous concernant. A ces fins vous pouvez contacter le Webmaster du site : contact@quinzen.fr</p>
<p><strong>Cookies et Statistiques</strong></p>
<p>Nous utilisons des cookies pour améliorer l’expérience utilisateur et analyser le trafic sur notre site web. Ces raisons pourront nous amener à partager des données concernant votre utilisation du site avec nos sociétés d’analyses.</p>
<p>Lorsque vous vous connectez, nous trouvons également plusieurs cookies pour enregistrer de nombreuses informations de connexion et vos choix d’affichage à l’écran. Les cookies de connexion durent deux jours et les cookies d’options d’écran durent un an.</p>
<p>&nbsp;</p>
<p><strong>Formulaires en ligne</strong></p>
<p>La plupart des informations fournies dans le formulaire en ligne sont obligatoires.</p>
<p>Elles font l’objet d’un traitement informatisé par le gestionnaire du site et sont destinées :</p>
<ul>
<li><strong>A l’activité du propriétaire/éditeur</strong></li>
<li><strong>Au public souhaitant s’informer de l’existence d’un fichier dans les conditions prévues à l’article 31 de la loi du 6 janvier 1978 modifiée.</strong></li>
</ul>
<p>Vous pouvez exercer votre droit d’accès et de rectification aux informations vous concernant en écrivant à l’adresse suivante : quinZen – Service données – 25 rue Auguste Limouzy – 11100 Narbonne</p>
<h2 class="wp-block-heading">Transmission de vos données personnelles</h2>
<p><strong class="privacy-policy-tutorial"> </strong>Les commentaires des visiteurs peuvent être vérifiés à l’aide d’un service automatisé de détection des commentaires indésirables.</p>

<p>Propriétaire / Editeur : Monsieur Pascal JOUSSEMET  / Association Salon Camping-car Rochelais en cours de création Raison sociale : Adresse : 89 AVENUE DE BEL AIR, 17310 SAINT-PIERRE-D’OLERON Siret : en cours d&rsquo;immatriculation Hébergement Ce site est hébergé sur les serveurs de la société OVH. 2 RUE KELLERMANN 59100 ROUBAIX Réalisation graphique et technique Agence quinZen 25 rue Auguste Limouzy – 11100 Narbonne. E-mail : contact@quinzen.fr [&hellip;]</p>

<!-- This site is optimized with the Yoast SEO plugin v24.8.1 - https://yoast.com/wordpress/plugins/seo/ -->
<title>MENTIONS LEGALES | SALON CAMPING-CAR ROCHEFLAIS</title>
<meta name="description" content="Mentions légales, RGPD et politique de confidentialité pour le salon du camping-car Rochelais. Toutes les infos légales." />
<meta name="robots" content="index, follow, max-snippet:-1, max-image-preview:large, max-video-preview:-1" />
<link rel="canonical" href="https://salon-campingcar-rochelais.fr/index.php/mentions-legales/" />
<meta property="og:locale" content="fr_FR" />
<meta property="og:type" content="article" />
<meta property="og:title" content="MENTIONS LEGALES | SALON CAMPING-CAR ROCHEFLAIS" />
<meta property="og:description" content="Mentions légales, RGPD et politique de confidentialité pour le salon du camping-car Rochelais. Toutes les infos légales." />
<meta property="og:url" content="https://salon-campingcar-rochelais.fr/index.php/mentions-legales/" />
<meta property="og:site_name" content="Salon du camping-car de Rochelais" />
<meta property="article:publisher" content="https://www.facebook.com/profile.php?id=61561766056102" />
<meta property="article:modified_time" content="2026-04-14T11:56:31+00:00" />
<meta name="twitter:card" content="summary_large_image" />
<meta name="twitter:label1" content="Durée de lecture estimée" />
	<meta name="twitter:data1" content="2 minutes" />
<script type="application/ld+json" class="yoast-schema-graph">{"@context":"https://schema.org","@graph":[{"@type":"WebPage","@id":"https://salon-campingcar-rochelais.fr/index.php/mentions-legales/","url":"https://salon-campingcar-rochelais.fr/index.php/mentions-legales/","name":"MENTIONS LEGALES | SALON CAMPING-CAR ROCHEFLAIS","isPartOf":{"@id":"https://salon-campingcar-rochelais.fr/#website"},"datePublished":"2024-07-03T12:37:25+00:00","dateModified":"2026-04-14T11:56:31+00:00","description":"Mentions légales, RGPD et politique de confidentialité pour le salon du camping-car Rochelais. Toutes les infos légales.","breadcrumb":{"@id":"https://salon-campingcar-rochelais.fr/index.php/mentions-legales/#breadcrumb"},"inLanguage":"fr-FR","potentialAction":[{"@type":"ReadAction","target":["https://salon-campingcar-rochelais.fr/index.php/mentions-legales/"]}]},{"@type":"BreadcrumbList","@id":"https://salon-campingcar-rochelais.fr/index.php/mentions-legales/#breadcrumb","itemListElement":[{"@type":"ListItem","position":1,"name":"Accueil","item":"https://salon-campingcar-rochelais.fr/"},{"@type":"ListItem","position":2,"name":"mentions-légales"}]},{"@type":"WebSite","@id":"https://salon-campingcar-rochelais.fr/#website","url":"https://salon-campingcar-rochelais.fr/","name":"Salon du camping-car de Rochefort","description":"Salon du camping-car et du van de Charente Maritime","publisher":{"@id":"https://salon-campingcar-rochelais.fr/#organization"},"potentialAction":[{"@type":"SearchAction","target":{"@type":"EntryPoint","urlTemplate":"https://salon-campingcar-rochelais.fr/?s={search_term_string}"},"query-input":{"@type":"PropertyValueSpecification","valueRequired":true,"valueName":"search_term_string"}}],"inLanguage":"fr-FR"},{"@type":"Organization","@id":"https://salon-campingcar-rochelais.fr/#organization","name":"Salon du camping-car de Rochefort","url":"https://salon-campingcar-rochelais.fr/","logo":{"@type":"ImageObject","inLanguage":"fr-FR","@id":"https://salon-campingcar-rochelais.fr/#/schema/logo/image/","url":"https://salon-campingcar-rochefort.fr/wp-content/uploads/2024/07/logo-expo-CC-rochefort6.png","contentUrl":"https://salon-campingcar-rochefort.fr/wp-content/uploads/2024/07/logo-expo-CC-rochefort6.png","width":502,"height":289,"caption":"Salon du camping-car de Rochefort"},"image":{"@id":"https://salon-campingcar-rochelais.fr/#/schema/logo/image/"},"sameAs":["https://www.facebook.com/profile.php?id=61561766056102","https://www.instagram.com/salon_vdl_rochefort"]}]}</script>
<!-- / Yoast SEO plugin. -->

Mentions légales, RGPD et politique de confidentialité pour le salon du camping-car Rochelais. Toutes les infos légales.
